Suppose -3*y = 3*p - 3, -2 = -5*y + g*p + 11. Suppose -4*j = -y*c - 892, -3*j = -0*j - 2*c - 671. Is j a prime number?
False
Let a(r) be the third derivative of r**6/60 - r**5/10 - r**4/2 + 4*r**3/3 + 5*r**2. Let n be a(8). Suppose 5*k = -7 + n. Is k a prime number?
True
Suppose -2*b - 10 = 0, 0*b = -3*m + 5*b - 1643. Let r = m + 893. Is r a prime number?
True
Let m = 2455 + -1702. Is m composite?
True
Let l(u) = 2*u + 22. Let a be l(-10). Suppose 2*o - 5667 = -k - a*o, -5*k - o + 28316 = 0. Is k composite?
True
Let o = -59 + 424. Suppose l + o = 2*f, 2*l = 4*l - 6. Suppose 0*r - f = -4*r. Is r a composite number?
True
Suppose 3*f + 3*r - 41385 = 0, -5*r + 41393 = 6*f - 3*f. Is f a prime number?
False
Let d = -9 - -13. Is 211*d/(-10)*40/(-16) a prime number?
True
Let h(x) = x**2 - 5*x + 6. Let l be (-92)/(-22) - 14/77. Let a be h(l). Suppose -q + a*q - 679 = 0. Is q a composite number?
True
Let u be (1028 + 3)*(2 - (-3)/(-3)). Let w(a) = 25*a**2 + 7*a + 2. Let i be w(6). Suppose i + u = 5*t. Is t prime?
False
Let n = 4394 + -1693. Is n composite?
True
Let x = 45100 + -11047. Is x prime?
False
Suppose -2*s + 3*j - 475 = -3*s, -4*s + 1830 = -2*j. Let i = 765 - s. Is i composite?
True
Let j = 2504 - -10065. Is j prime?
True
Let r = 9 - 16. Let p = -11 - r. Let d(k) = -3*k**3 - 4*k**2 + 3*k + 3. Is d(p) a prime number?
False
Suppose l + 3 = 5*x, 0 = 2*l - 3*x - 0*x + 20. Let g(y) = 5*y**2 + y + 1. Let d be g(l). Suppose -8*m = -m - d. Is m prime?
False
Let j(f) = -9*f + 146*f**2 - f - 1 + 10*f. Is j(-1) a prime number?
False
Let h(s) = s**2 + s - 45. Let r be h(-7). Is ((-11)/(-6) + r/2)*2721 a prime number?
True
Let b(i) = i**3 + 6*i**2 - 4*i + 6. Let u be b(5). Suppose 2*t = 4*t + 2*a - 18, 2*t + 2 = 2*a. Suppose t*o - 15 = u. Is o a prime number?
False
Let v = 498 - -396. Suppose -82 = 4*k - v. Is k a prime number?
False
Let s(z) = z - 5. Let d be (-7)/(-14)*(0 + 10). Let b be s(d). Suppose b = 5*l + 5*w - 885, 312 + 44 = 2*l + w. Is l composite?
False
Suppose -4*g + 1516 = 5*x, -3*g = -2*x + 3*x - 1137. Is g a prime number?
True
Let y = 5 - 7. Let p be 10/y*(-6)/10. Suppose 487 = p*f - 2*w, -4*w = -f - 0*w + 159. Is f a prime number?
True
Let m(j) = 57*j**2 + 7*j + 49. Is m(-5) composite?
False
Let i = 4825 - 1938. Is i composite?
False
Let i be -3 - (5 + -4)*6284. Let m = -4300 - i. Is m a prime number?
True
Let i(t) = -4*t - 11. Let o be i(6). Let w = o - -6. Let q = w - -60. Is q a prime number?
True
Let t(g) = g**3 - 15*g**2 + 9*g - 64. Let n be t(19). Let q be ((-36)/16)/(6/(-2608)). Let x = n - q. Is x a composite number?
True
Let p be ((-6)/(-4))/(21/70). Let d(a) = a**3 + 3*a + 3. Let o be d(p). Suppose 0 = 3*g + 2*i - 140 - o, -g + 101 = -i. Is g a prime number?
True
Let r = 1335 - 874. Suppose d + 3*u - 24 = -146, 4*d + 3*u + r = 0. Is (d/4)/(3/(-12)) composite?
False
Let s(k) = 16*k**3 + 29*k**2 + 2*k - 19. Is s(14) composite?
False
Let k(m) = m**3 + 19*m**2 + 28*m + 25. Let l be k(-22). Let q = l + 3442. Is q composite?
False
Let x = 12 + -8. Suppose x*i - i - 231 = 0. Is i a composite number?
True
Let n be (-1 + 5)*(-2)/4 + 2. Suppose n = 6*p - 762 - 4956. Is p prime?
True
Let m(q) = -3*q**2 - 71*q + 13. Is m(-6) composite?
False
Suppose 5*t = 2*t. Suppose -2*f - 3*s + 3 = t, -s - 14 = -3*f + 4*s. Suppose 5*x - i - 2350 = 0, 0*i - f*i - 927 = -2*x. Is x composite?
True
Let j(o) = -o**2 + 10*o + 2. Let h be j(10). Suppose z - 42 = 2*n, z + 4*n = -z + 44. Suppose h*q = -z + 142. Is q a composite number?
True
Suppose 2229 = 2*s - 3*i, 15 = 5*s - 2*i - 5541. Let z = s - 401. Is z a composite number?
False
Suppose 0 = -t - 3, -31 = -4*q + 4*t + t. Is 253 - -5 - (-3 + q) prime?
True
Let q be 68362/9 - ((-40)/36)/5. Suppose -7*m + 5*k + 15182 = -3*m, -2*m + q = -5*k. Is m a composite number?
False
Suppose 0 = 4*m - 49019 - 114633. Is m a composite number?
True
Let t = -109 + 71. Let b = -58 - t. Is 30/b - (-133)/2 prime?
False
Is 2*((-7249)/(-2))/11 composite?
False
Let r be 120/18*(-18)/(-5). Let m be -8*(-1)/4*-2. Is 1/m - (-174)/r prime?
True
Suppose -11*x + 6*x = -3*j - 10975, -3*j = 3*x - 6585. Is x prime?
False
Let y(q) = q**3 + 39*q**2 + 6*q - 49. Is y(-27) prime?
True
Suppose -4*t + 4*z + 364 = -0*t, 0 = -3*z. Suppose -53 = -b - 5*j, j - 68 = -3*b + t. Is b prime?
True
Let h(k) = -2*k**3 - 21*k**2 - 12*k + 3. Let t be h(-15). Let j = t - 915. Is j a composite number?
True
Suppose 5*p - 6 = 9. Let t be ((-2)/5)/(3/(-30)). Suppose -3*g - p*a + 811 = 2*g, -t*g - 3*a + 650 = 0. Is g prime?
False
Is (-821)/((-34)/11 + 3) prime?
False
Let v be ((-3)/5)/((-88)/(-30) - 3). Is (-1)/(((-3)/v)/(3579/9)) a composite number?
False
Let q(r) = 8*r + 1. Let i be 10/(-60) - (-25)/6. Is q(i) a prime number?
False
Suppose u = 2*u - 96. Let t = u - -31. Is t prime?
True
Let n(p) = -529*p**2 + 3*p + 2. Let l be n(-1). Let o = l - -2361. Is o prime?
True
Let j(f) = -34*f**2 + 2 + 1 + 3*f**3 - 32*f**2 - 5*f + 67*f**2. Suppose 5*b - 14 - 6 = 0. Is j(b) a composite number?
False
Let g be (10/(-6))/(6 + 35932/(-5988)). Suppose -10*s + g = -5*s. Is s prime?
True
Let p be 44 + (-4)/((-4)/(-3)). Let v = -41 - -77. Suppose -p = -w + v. Is w a composite number?
True
Let y(z) = -z**2 + 9*z + 8. Let h be y(11). Let g be (-24)/h*112/32. Is 729/g - (-2)/4 a prime number?
False
Suppose b = -0*b - 2*q + 7, 5*b - 25 = -5*q. Let i be (1 + -4)/(b/(-10)). Suppose 41 = g + i. Is g prime?
True
Suppose -57*h - 10084 = -61*h. Suppose 21*g - 20*g = h. Is g composite?
False
Suppose -190 = h - 3. Let f = 25 - h. Let d = f - 93. Is d a composite number?
True
Let t be 0 - (-8)/28 - 415/7. Suppose -l - 123 = 51. Let w = t - l. Is w composite?
True
Is -68*((-3630)/104 + (-6)/(-39)) a prime number?
False
Let k = 66 - -492. Suppose 3*m - k = y, 4*y + 9 = y. Is m a composite number?
True
Suppose -2*y + 100 = -5*n - 278, 2*n = 3*y - 545. Suppose -3*v + y = -382. Is v a composite number?
True
Suppose 26*d - 5659 - 85107 = 0. Is d composite?
False
Let a(r) = -4 - 9*r + 1 - r**3 + 11 + 11*r**2 + 0*r. Is a(9) a composite number?
False
Suppose 3*j - 5*m = -0*j - 21, -3*j - 3*m + 3 = 0. Let y(k) be the first derivative of 12*k**3 - 2*k**2 - 3*k - 32. Is y(j) a prime number?
True
Suppose -2*g - 30 = -4*f, 0 = -3*f - 4*g - 4 + 10. Let i(k) = -k**2 + 1. Let y be i(1). Is 268/f*(y + 3) composite?
True
Suppose 3*x - 31*x + 454804 = 0. Is x prime?
False
Let o(y) be the first derivative of -855*y**2 - 5*y - 49. Is o(-2) composite?
True
Suppose -2*z = 7 - 3, -14313 = -5*c - z. Is c a composite number?
True
Let z(p) = -10 + 12*p + 23*p**2 + p**3 - 13 + 7*p**3 - 9*p**3. Is z(11) prime?
False
Let c = 38812 - 27443. Is c a composite number?
False
Suppose -4*p + o = 33704 - 362505, -4*p + 328816 = 4*o. Is p composite?
True
Let r(u) = -27*u - 4. Let f be 0/(2*1/(-2)). Suppose 4*l = -3*d, f = 5*l - 0*d - d + 19. Is r(l) a prime number?
False
Suppose 3*n + 3*w - 2071 = 10943, 2 = -2*w. Is n a prime number?
True
Suppose 4*t + 1944 = t. Let g = -433 - t. Suppose -3*u = 4*i - 236 - g, -u + 152 = i. Is u a prime number?
True
Suppose 34*d + 268 = 38*d. Is d a prime number?
True
Let f(m) = 2*m**3 + m**2 + 3*m - 11. Let q be f(5). Let a = q - 157. Is a composite?
True
Let o(k) = 140*k**2 + 34*k + 45. Is o(8) composite?
False
Let l(j) = -2*j - 6. Let i be l(0). Let w(m) = -3*m**3 - 16*m**2 - 8*m + 2. Is w(i) a prime number?
False
Let t be 0 + 8/2 - 2. Suppose 0 = t*y + 3*w - 9, -3*y + y + 27 = -3*w. Is 2/(-6) + 336/y composite?
False
Suppose -5*s + 232254 = 5849. Is s prime?
True
Suppose -4*m - i + 4 = 0, -m + 5*i - 3*i + 10 = 0. Suppose -3*f + 2*t = 14, 2*f - 5 = m*t - 17. Is 148/f*(-60)/40 a composite number?
True
Suppose 0 = -6*k + 7*k - 5*q + 6, 4*k = -3*q + 22. Let r = 180 - 79. Suppose 0 = b - r + k. Is b a composite number?
False
Let v(p) = -2*p**3 + p**2 + 2*p + 1. Let t(f) = -2*f - 19. Let q be t(-9). Let m be v(q). Suppose -3*y - 4*s = -489, -s - 3*s = -m*y + 326. Is y prime?
True
Suppose -3*c = 4*i - 8521, -4*i = -23*c + 21*c + 5694. Is c prime?
True
Let y be -42*2/(-2)*1. Let o be (-2)/3 + y/9. Suppose -3*c - 13 = 2, o*t = -5*c + 867. Is t a composite number?
False
Is 499792/80 + 3 + 34/(-10) a composite number?
False
Suppose -2*b - 440 = -2*p + 2*b, -5*p = -3*b - 1093. Suppose -o - 15 = -6*o. Sup